{"id":135,"date":"2023-11-04T19:07:53","date_gmt":"2023-11-04T18:07:53","guid":{"rendered":"https:\/\/charmedantan1875.fr\/?page_id=135"},"modified":"2025-09-22T08:19:45","modified_gmt":"2025-09-22T06:19:45","slug":"photos","status":"publish","type":"page","link":"https:\/\/charmedantan1875.fr\/?page_id=135","title":{"rendered":"Photos"},"content":{"rendered":"\t\t<div data-elementor-type=\"wp-page\" data-elementor-id=\"135\" class=\"elementor elementor-135\">\n\t\t\t\t<div class=\"elementor-element elementor-element-a10e8d8 e-flex e-con-boxed e-con e-parent\" data-id=\"a10e8d8\" data-element_type=\"container\" data-e-type=\"container\">\n\t\t\t\t\t<div class=\"e-con-inner\">\n\t\t\t\t\t<\/div>\n\t\t\t\t<\/div>\n\t\t<div class=\"elementor-element elementor-element-45253a8 e-flex e-con-boxed e-con e-parent\" data-id=\"45253a8\" data-element_type=\"container\" data-e-type=\"container\">\n\t\t\t\t\t<div class=\"e-con-inner\">\n\t\t\t\t<div class=\"elementor-element elementor-element-2ae4d9c elementor-widget__width-auto elementor-arrows-position-inside elementor-pagination-position-outside elementor-widget elementor-widget-image-carousel\" data-id=\"2ae4d9c\" data-element_type=\"widget\" data-e-type=\"widget\" data-settings=\"{&quot;navigation&quot;:&quot;both&quot;,&quot;autoplay&quot;:&quot;yes&quot;,&quot;pause_on_hover&quot;:&quot;yes&quot;,&quot;pause_on_interaction&quot;:&quot;yes&quot;,&quot;autoplay_speed&quot;:5000,&quot;infinite&quot;:&quot;yes&quot;,&quot;speed&quot;:500}\" data-widget_type=\"image-carousel.default\">\n\t\t\t\t<div class=\"elementor-widget-container\">\n\t\t\t\t\t\t\t<div class=\"elementor-image-carousel-wrapper swiper\" role=\"region\" aria-roledescription=\"carousel\" aria-label=\"Image Carousel\" dir=\"ltr\">\n\t\t\t<div class=\"elementor-image-carousel swiper-wrapper\" aria-live=\"off\">\n\t\t\t\t\t\t\t\t<div class=\"swiper-slide\" role=\"group\" aria-roledescription=\"slide\" aria-label=\"1 of 15\"><figure class=\"swiper-slide-inner\"><img decoding=\"async\" class=\"swiper-slide-image\" src=\"https:\/\/charmedantan1875.fr\/wp-content\/uploads\/2023\/11\/IMG_20230403_183508_411-300x225.jpg\" alt=\"Exif_JPEG_420\" \/><\/figure><\/div><div class=\"swiper-slide\" role=\"group\" aria-roledescription=\"slide\" aria-label=\"2 of 15\"><figure class=\"swiper-slide-inner\"><img decoding=\"async\" class=\"swiper-slide-image\" src=\"https:\/\/charmedantan1875.fr\/wp-content\/uploads\/2023\/11\/IMG_20220421_191827_402-scaled-e1698863943660-300x213.jpg\" alt=\"cot\u00e9 cour\" \/><\/figure><\/div><div class=\"swiper-slide\" role=\"group\" aria-roledescription=\"slide\" aria-label=\"3 of 15\"><figure class=\"swiper-slide-inner\"><img decoding=\"async\" class=\"swiper-slide-image\" src=\"https:\/\/charmedantan1875.fr\/wp-content\/uploads\/2023\/11\/IMG_20220703_095824_328-225x300.jpg\" alt=\"table petit d\u00e9jeuner\" \/><\/figure><\/div><div class=\"swiper-slide\" role=\"group\" aria-roledescription=\"slide\" aria-label=\"4 of 15\"><figure class=\"swiper-slide-inner\"><img decoding=\"async\" class=\"swiper-slide-image\" src=\"https:\/\/charmedantan1875.fr\/wp-content\/uploads\/2023\/11\/IMG_20191013_180224-300x225.jpg\" alt=\"chambre 1\" \/><\/figure><\/div><div class=\"swiper-slide\" role=\"group\" aria-roledescription=\"slide\" aria-label=\"5 of 15\"><figure class=\"swiper-slide-inner\"><img decoding=\"async\" class=\"swiper-slide-image\" src=\"https:\/\/charmedantan1875.fr\/wp-content\/uploads\/2025\/03\/IMG_20250312_111943239_MFNR-226x300.jpg\" alt=\"salle de douche \u00e0 cot\u00e9 de la chambre verte\" \/><\/figure><\/div><div class=\"swiper-slide\" role=\"group\" aria-roledescription=\"slide\" aria-label=\"6 of 15\"><figure class=\"swiper-slide-inner\"><img decoding=\"async\" class=\"swiper-slide-image\" src=\"https:\/\/charmedantan1875.fr\/wp-content\/uploads\/2025\/03\/IMG_20250312_110439739_MFNR-226x300.jpg\" alt=\"IMG_20250312_110439739_MFNR\" \/><\/figure><\/div><div class=\"swiper-slide\" role=\"group\" aria-roledescription=\"slide\" aria-label=\"7 of 15\"><figure class=\"swiper-slide-inner\"><img decoding=\"async\" class=\"swiper-slide-image\" src=\"https:\/\/charmedantan1875.fr\/wp-content\/uploads\/2023\/11\/IMG_20230213_145218_792-300x300.webp\" alt=\"chambre 2\" \/><\/figure><\/div><div class=\"swiper-slide\" role=\"group\" aria-roledescription=\"slide\" aria-label=\"8 of 15\"><figure class=\"swiper-slide-inner\"><img decoding=\"async\" class=\"swiper-slide-image\" src=\"https:\/\/charmedantan1875.fr\/wp-content\/uploads\/2024\/06\/IMG_20240424_105002_160-300x225.jpg\" alt=\"salle de bain attenante\" \/><\/figure><\/div><div class=\"swiper-slide\" role=\"group\" aria-roledescription=\"slide\" aria-label=\"9 of 15\"><figure class=\"swiper-slide-inner\"><img decoding=\"async\" class=\"swiper-slide-image\" src=\"https:\/\/charmedantan1875.fr\/wp-content\/uploads\/2025\/09\/IMG_20250920_122822662_MFNR-300x226.jpg\" alt=\"IMG_20250920_122822662_MFNR\" \/><\/figure><\/div><div class=\"swiper-slide\" role=\"group\" aria-roledescription=\"slide\" aria-label=\"10 of 15\"><figure class=\"swiper-slide-inner\"><img decoding=\"async\" class=\"swiper-slide-image\" src=\"https:\/\/charmedantan1875.fr\/wp-content\/uploads\/2023\/11\/277761614_954561265227194_6718560380757588529_n-300x225.jpg\" alt=\"277761614_954561265227194_6718560380757588529_n\" \/><\/figure><\/div><div class=\"swiper-slide\" role=\"group\" aria-roledescription=\"slide\" aria-label=\"11 of 15\"><figure class=\"swiper-slide-inner\"><img decoding=\"async\" class=\"swiper-slide-image\" src=\"https:\/\/charmedantan1875.fr\/wp-content\/uploads\/2024\/04\/cropped-355025890_723597459570671_6178287109073788046_n-300x245.jpg\" alt=\"cropped-355025890_723597459570671_6178287109073788046_n.jpg\" \/><\/figure><\/div><div class=\"swiper-slide\" role=\"group\" aria-roledescription=\"slide\" aria-label=\"12 of 15\"><figure class=\"swiper-slide-inner\"><img decoding=\"async\" class=\"swiper-slide-image\" src=\"https:\/\/charmedantan1875.fr\/wp-content\/uploads\/2025\/09\/IMG_20250406_191432136_HDR-300x226.jpg\" alt=\"hdr\" \/><\/figure><\/div><div class=\"swiper-slide\" role=\"group\" aria-roledescription=\"slide\" aria-label=\"13 of 15\"><figure class=\"swiper-slide-inner\"><img decoding=\"async\" class=\"swiper-slide-image\" src=\"https:\/\/charmedantan1875.fr\/wp-content\/uploads\/2025\/09\/IMG_20250630_175059198-300x226.jpg\" alt=\"IMG_20250630_175059198\" \/><\/figure><\/div><div class=\"swiper-slide\" role=\"group\" aria-roledescription=\"slide\" aria-label=\"14 of 15\"><figure class=\"swiper-slide-inner\"><img decoding=\"async\" class=\"swiper-slide-image\" src=\"https:\/\/charmedantan1875.fr\/wp-content\/uploads\/2023\/11\/IMG_20221010_080959_440-1-300x300.jpg\" alt=\"cot\u00e9 jardin\" \/><\/figure><\/div><div class=\"swiper-slide\" role=\"group\" aria-roledescription=\"slide\" aria-label=\"15 of 15\"><figure class=\"swiper-slide-inner\"><img decoding=\"async\" class=\"swiper-slide-image\" src=\"https:\/\/charmedantan1875.fr\/wp-content\/uploads\/2025\/09\/IMG_20230409_125653_529-300x225.jpg\" alt=\"Exif_JPEG_420\" \/><\/figure><\/div>\t\t\t<\/div>\n\t\t\t\t\t\t\t\t\t\t\t\t<div class=\"elementor-swiper-button elementor-swiper-button-prev\" role=\"button\" tabindex=\"0\">\n\t\t\t\t\t\t<svg aria-hidden=\"true\" class=\"e-font-icon-svg e-eicon-chevron-left\" viewBox=\"0 0 1000 1000\" xmlns=\"http:\/\/www.w3.org\/2000\/svg\"><path d=\"M646 125C629 125 613 133 604 142L308 442C296 454 292 471 292 487 292 504 296 521 308 533L604 854C617 867 629 875 646 875 663 875 679 871 692 858 704 846 713 829 713 812 713 796 708 779 692 767L438 487 692 225C700 217 708 204 708 187 708 171 704 154 692 142 675 129 663 125 646 125Z\"><\/path><\/svg>\t\t\t\t\t<\/div>\n\t\t\t\t\t<div class=\"elementor-swiper-button elementor-swiper-button-next\" role=\"button\" tabindex=\"0\">\n\t\t\t\t\t\t<svg aria-hidden=\"true\" class=\"e-font-icon-svg e-eicon-chevron-right\" viewBox=\"0 0 1000 1000\" xmlns=\"http:\/\/www.w3.org\/2000\/svg\"><path d=\"M696 533C708 521 713 504 713 487 713 471 708 454 696 446L400 146C388 133 375 125 354 125 338 125 325 129 313 142 300 154 292 171 292 187 292 204 296 221 308 233L563 492 304 771C292 783 288 800 288 817 288 833 296 850 308 863 321 871 338 875 354 875 371 875 388 867 400 854L696 533Z\"><\/path><\/svg>\t\t\t\t\t<\/div>\n\t\t\t\t\n\t\t\t\t\t\t\t\t\t<div class=\"swiper-pagination\"><\/div>\n\t\t\t\t\t\t\t\t\t<\/div>\n\t\t\t\t\t\t<\/div>\n\t\t\t\t<\/div>\n\t\t\t\t<div class=\"elementor-element elementor-element-6c028e7 e-transform elementor-hidden-mobile elementor-widget elementor-widget-text-editor\" data-id=\"6c028e7\" data-element_type=\"widget\" data-e-type=\"widget\" data-settings=\"{&quot;_transform_scaleX_effect&quot;:{&quot;unit&quot;:&quot;px&quot;,&quot;size&quot;:0.8,&quot;sizes&quot;:[]},&quot;_transform_scaleY_effect&quot;:{&quot;unit&quot;:&quot;px&quot;,&quot;size&quot;:0.5,&quot;sizes&quot;:[]},&quot;_transform_scaleX_effect_tablet&quot;:{&quot;unit&quot;:&quot;px&quot;,&quot;size&quot;:&quot;&quot;,&quot;sizes&quot;:[]},&quot;_transform_scaleX_effect_mobile&quot;:{&quot;unit&quot;:&quot;px&quot;,&quot;size&quot;:&quot;&quot;,&quot;sizes&quot;:[]},&quot;_transform_scaleY_effect_tablet&quot;:{&quot;unit&quot;:&quot;px&quot;,&quot;size&quot;:&quot;&quot;,&quot;sizes&quot;:[]},&quot;_transform_scaleY_effect_mobile&quot;:{&quot;unit&quot;:&quot;px&quot;,&quot;size&quot;:&quot;&quot;,&quot;sizes&quot;:[]}}\" data-widget_type=\"text-editor.default\">\n\t\t\t\t<div class=\"elementor-widget-container\">\n\t\t\t\t\t\t\t\t\t<p><span style=\"vertical-align: inherit;\"><span style=\"vertical-align: inherit;\"><span style=\"vertical-align: inherit;\"><span style=\"vertical-align: inherit;\"><span dir=\"auto\" style=\"vertical-align: inherit;\"><span dir=\"auto\" style=\"vertical-align: inherit;\">le ch\u00e2teau et la grotte<\/span><\/span><\/span><\/span><\/span><\/span><img decoding=\"async\" class=\"aligncenter\" src=\"https:\/\/upload.wikimedia.org\/wikipedia\/commons\/5\/53\/Villers-Ch%C3%A2tel_ch%C3%A2teau_%28avec_2_tours_et_aile%29.jpg\" alt=\"Villers-Ch\u00e2tel \u2014 Wikip\u00e9dia\" \/><\/p>\t\t\t\t\t\t\t\t<\/div>\n\t\t\t\t<\/div>\n\t\t\t\t<div class=\"elementor-element elementor-element-a3b8e4c elementor-widget elementor-widget-image\" data-id=\"a3b8e4c\" data-element_type=\"widget\" data-e-type=\"widget\" data-widget_type=\"image.default\">\n\t\t\t\t<div class=\"elementor-widget-container\">\n\t\t\t\t\t\t\t\t\t\t\t\t\t\t\t<img decoding=\"async\" width=\"150\" height=\"150\" src=\"https:\/\/charmedantan1875.fr\/wp-content\/uploads\/2023\/11\/grotte-150x150.jpg\" class=\"attachment-thumbnail size-thumbnail wp-image-305\" alt=\"\" srcset=\"https:\/\/charmedantan1875.fr\/wp-content\/uploads\/2023\/11\/grotte-150x150.jpg 150w, https:\/\/charmedantan1875.fr\/wp-content\/uploads\/2023\/11\/grotte-300x300.jpg 300w, https:\/\/charmedantan1875.fr\/wp-content\/uploads\/2023\/11\/grotte-75x75.jpg 75w\" sizes=\"(max-width: 150px) 100vw, 150px\" \/>\t\t\t\t\t\t\t\t\t\t\t\t\t\t\t<\/div>\n\t\t\t\t<\/div>\n\t\t\t\t<div class=\"elementor-element elementor-element-75d9a98 elementor-widget elementor-widget-text-editor\" data-id=\"75d9a98\" data-element_type=\"widget\" data-e-type=\"widget\" data-widget_type=\"text-editor.default\">\n\t\t\t\t<div class=\"elementor-widget-container\">\n\t\t\t\t\t\t\t\t\t<p><span style=\"vertical-align: inherit;\"><span style=\"vertical-align: inherit;\"><span style=\"vertical-align: inherit;\"><span style=\"vertical-align: inherit;\"><span style=\"vertical-align: inherit;\"><span style=\"vertical-align: inherit;\">Le parc d&#8217;Olhain \u00e0 peine 10km<\/span><\/span><\/span><\/span><\/span><\/span><\/p><p><span style=\"vertical-align: inherit;\"><span style=\"vertical-align: inherit;\"><span style=\"vertical-align: inherit;\"><span style=\"vertical-align: inherit;\"><span style=\"vertical-align: inherit;\"><span style=\"vertical-align: inherit;\">Les monuments de Vimy M\u00e9morial de Lorette 15km<\/span><\/span><\/span><\/span><\/span><\/span><\/p><p><span style=\"vertical-align: inherit;\"><span style=\"vertical-align: inherit;\"><span style=\"vertical-align: inherit;\"><span style=\"vertical-align: inherit;\"><span style=\"vertical-align: inherit;\"><span style=\"vertical-align: inherit;\">Le Louvre Lens \u00e0 25km<\/span><\/span><\/span><\/span><\/span><\/span><\/p><p><span style=\"vertical-align: inherit;\"><span style=\"vertical-align: inherit;\"><span style=\"vertical-align: inherit;\"><span style=\"vertical-align: inherit;\"><span style=\"vertical-align: inherit;\"><span style=\"vertical-align: inherit;\">Arras et ses lieux \u00e0 20KM ect\u2026<\/span><\/span><\/span><\/span><\/span><\/span><\/p><p><span style=\"vertical-align: inherit;\"><span style=\"vertical-align: inherit;\"><span style=\"vertical-align: inherit;\"><span style=\"vertical-align: inherit;\"><span style=\"vertical-align: inherit;\"><span style=\"vertical-align: inherit;\">Tous ces renseignements sur la page Facebook chambredhotes62 ou site internet Charmedantan1875.fr<\/span><\/span><\/span><\/span><\/span><\/span><\/p>\t\t\t\t\t\t\t\t<\/div>\n\t\t\t\t<\/div>\n\t\t\t\t\t<\/div>\n\t\t\t\t<\/div>\n\t\t<div class=\"elementor-element elementor-element-97a2dbb e-flex e-con-boxed e-con e-parent\" data-id=\"97a2dbb\" data-element_type=\"container\" data-e-type=\"container\">\n\t\t\t\t\t<div class=\"e-con-inner\">\n\t\t\t\t\t<\/div>\n\t\t\t\t<\/div>\n\t\t\t\t<\/div>\n\t\t","protected":false},"excerpt":{"rendered":"<p>le ch\u00e2teau et la grotte Le parc d&#8217;Olhain \u00e0 peine 10km Les monuments de Vimy M\u00e9morial de Lorette 15km Le Louvre Lens \u00e0 25km Arras et ses lieux \u00e0 20KM ect\u2026 Tous ces renseignements sur la page Facebook chambredhotes62 ou site internet Charmedantan1875.fr<\/p>\n","protected":false},"author":1,"featured_media":0,"parent":0,"menu_order":0,"comment_status":"closed","ping_status":"closed","template":"","meta":{"footnotes":""},"class_list":["post-135","page","type-page","status-publish","hentry"],"yoast_head":"<!-- This site is optimized with the Yoast SEO plugin v27.1.1 - https:\/\/yoast.com\/product\/yoast-seo-wordpress\/ -->\n<title>Photos -<\/title>\n<meta name=\"robots\" content=\"index, follow, max-snippet:-1, max-image-preview:large, max-video-preview:-1\" \/>\n<link rel=\"canonical\" href=\"https:\/\/charmedantan1875.fr\/?page_id=135\" \/>\n<meta property=\"og:locale\" content=\"en_US\" \/>\n<meta property=\"og:type\" content=\"article\" \/>\n<meta property=\"og:title\" content=\"Photos -\" \/>\n<meta property=\"og:description\" content=\"le ch\u00e2teau et la grotte Le parc d&#8217;Olhain \u00e0 peine 10km Les monuments de Vimy M\u00e9morial de Lorette 15km Le Louvre Lens \u00e0 25km Arras et ses lieux \u00e0 20KM ect\u2026 Tous ces renseignements sur la page Facebook chambredhotes62 ou site internet Charmedantan1875.fr\" \/>\n<meta property=\"og:url\" content=\"https:\/\/charmedantan1875.fr\/?page_id=135\" \/>\n<meta property=\"article:modified_time\" content=\"2025-09-22T06:19:45+00:00\" \/>\n<meta property=\"og:image\" content=\"https:\/\/charmedantan1875.fr\/wp-content\/uploads\/2023\/11\/IMG_20230403_183508_411-300x225.jpg\" \/>\n<meta name=\"twitter:card\" content=\"summary_large_image\" \/>\n<meta name=\"twitter:label1\" content=\"Est. reading time\" \/>\n\t<meta name=\"twitter:data1\" content=\"5 minutes\" \/>\n<script type=\"application\/ld+json\" class=\"yoast-schema-graph\">{\"@context\":\"https:\/\/schema.org\",\"@graph\":[{\"@type\":\"WebPage\",\"@id\":\"https:\/\/charmedantan1875.fr\/?page_id=135\",\"url\":\"https:\/\/charmedantan1875.fr\/?page_id=135\",\"name\":\"Photos -\",\"isPartOf\":{\"@id\":\"https:\/\/charmedantan1875.fr\/#website\"},\"primaryImageOfPage\":{\"@id\":\"https:\/\/charmedantan1875.fr\/?page_id=135#primaryimage\"},\"image\":{\"@id\":\"https:\/\/charmedantan1875.fr\/?page_id=135#primaryimage\"},\"thumbnailUrl\":\"https:\/\/charmedantan1875.fr\/wp-content\/uploads\/2023\/11\/IMG_20230403_183508_411-300x225.jpg\",\"datePublished\":\"2023-11-04T18:07:53+00:00\",\"dateModified\":\"2025-09-22T06:19:45+00:00\",\"breadcrumb\":{\"@id\":\"https:\/\/charmedantan1875.fr\/?page_id=135#breadcrumb\"},\"inLanguage\":\"en-US\",\"potentialAction\":[{\"@type\":\"ReadAction\",\"target\":[\"https:\/\/charmedantan1875.fr\/?page_id=135\"]}]},{\"@type\":\"ImageObject\",\"inLanguage\":\"en-US\",\"@id\":\"https:\/\/charmedantan1875.fr\/?page_id=135#primaryimage\",\"url\":\"https:\/\/charmedantan1875.fr\/wp-content\/uploads\/2023\/11\/IMG_20230403_183508_411-scaled.jpg\",\"contentUrl\":\"https:\/\/charmedantan1875.fr\/wp-content\/uploads\/2023\/11\/IMG_20230403_183508_411-scaled.jpg\",\"width\":2560,\"height\":1920,\"caption\":\"Exif_JPEG_420\"},{\"@type\":\"BreadcrumbList\",\"@id\":\"https:\/\/charmedantan1875.fr\/?page_id=135#breadcrumb\",\"itemListElement\":[{\"@type\":\"ListItem\",\"position\":1,\"name\":\"Accueil\",\"item\":\"https:\/\/charmedantan1875.fr\/\"},{\"@type\":\"ListItem\",\"position\":2,\"name\":\"Photos\"}]},{\"@type\":\"WebSite\",\"@id\":\"https:\/\/charmedantan1875.fr\/#website\",\"url\":\"https:\/\/charmedantan1875.fr\/\",\"name\":\"\",\"description\":\"\",\"potentialAction\":[{\"@type\":\"SearchAction\",\"target\":{\"@type\":\"EntryPoint\",\"urlTemplate\":\"https:\/\/charmedantan1875.fr\/?s={search_term_string}\"},\"query-input\":{\"@type\":\"PropertyValueSpecification\",\"valueRequired\":true,\"valueName\":\"search_term_string\"}}],\"inLanguage\":\"en-US\"}]}<\/script>\n<!-- \/ Yoast SEO plugin. -->","yoast_head_json":{"title":"Photos -","robots":{"index":"index","follow":"follow","max-snippet":"max-snippet:-1","max-image-preview":"max-image-preview:large","max-video-preview":"max-video-preview:-1"},"canonical":"https:\/\/charmedantan1875.fr\/?page_id=135","og_locale":"en_US","og_type":"article","og_title":"Photos -","og_description":"le ch\u00e2teau et la grotte Le parc d&#8217;Olhain \u00e0 peine 10km Les monuments de Vimy M\u00e9morial de Lorette 15km Le Louvre Lens \u00e0 25km Arras et ses lieux \u00e0 20KM ect\u2026 Tous ces renseignements sur la page Facebook chambredhotes62 ou site internet Charmedantan1875.fr","og_url":"https:\/\/charmedantan1875.fr\/?page_id=135","article_modified_time":"2025-09-22T06:19:45+00:00","og_image":[{"url":"https:\/\/charmedantan1875.fr\/wp-content\/uploads\/2023\/11\/IMG_20230403_183508_411-300x225.jpg","type":"","width":"","height":""}],"twitter_card":"summary_large_image","twitter_misc":{"Est. reading time":"5 minutes"},"schema":{"@context":"https:\/\/schema.org","@graph":[{"@type":"WebPage","@id":"https:\/\/charmedantan1875.fr\/?page_id=135","url":"https:\/\/charmedantan1875.fr\/?page_id=135","name":"Photos -","isPartOf":{"@id":"https:\/\/charmedantan1875.fr\/#website"},"primaryImageOfPage":{"@id":"https:\/\/charmedantan1875.fr\/?page_id=135#primaryimage"},"image":{"@id":"https:\/\/charmedantan1875.fr\/?page_id=135#primaryimage"},"thumbnailUrl":"https:\/\/charmedantan1875.fr\/wp-content\/uploads\/2023\/11\/IMG_20230403_183508_411-300x225.jpg","datePublished":"2023-11-04T18:07:53+00:00","dateModified":"2025-09-22T06:19:45+00:00","breadcrumb":{"@id":"https:\/\/charmedantan1875.fr\/?page_id=135#breadcrumb"},"inLanguage":"en-US","potentialAction":[{"@type":"ReadAction","target":["https:\/\/charmedantan1875.fr\/?page_id=135"]}]},{"@type":"ImageObject","inLanguage":"en-US","@id":"https:\/\/charmedantan1875.fr\/?page_id=135#primaryimage","url":"https:\/\/charmedantan1875.fr\/wp-content\/uploads\/2023\/11\/IMG_20230403_183508_411-scaled.jpg","contentUrl":"https:\/\/charmedantan1875.fr\/wp-content\/uploads\/2023\/11\/IMG_20230403_183508_411-scaled.jpg","width":2560,"height":1920,"caption":"Exif_JPEG_420"},{"@type":"BreadcrumbList","@id":"https:\/\/charmedantan1875.fr\/?page_id=135#breadcrumb","itemListElement":[{"@type":"ListItem","position":1,"name":"Accueil","item":"https:\/\/charmedantan1875.fr\/"},{"@type":"ListItem","position":2,"name":"Photos"}]},{"@type":"WebSite","@id":"https:\/\/charmedantan1875.fr\/#website","url":"https:\/\/charmedantan1875.fr\/","name":"","description":"","potentialAction":[{"@type":"SearchAction","target":{"@type":"EntryPoint","urlTemplate":"https:\/\/charmedantan1875.fr\/?s={search_term_string}"},"query-input":{"@type":"PropertyValueSpecification","valueRequired":true,"valueName":"search_term_string"}}],"inLanguage":"en-US"}]}},"_links":{"self":[{"href":"https:\/\/charmedantan1875.fr\/index.php?rest_route=\/wp\/v2\/pages\/135","targetHints":{"allow":["GET"]}}],"collection":[{"href":"https:\/\/charmedantan1875.fr\/index.php?rest_route=\/wp\/v2\/pages"}],"about":[{"href":"https:\/\/charmedantan1875.fr\/index.php?rest_route=\/wp\/v2\/types\/page"}],"author":[{"embeddable":true,"href":"https:\/\/charmedantan1875.fr\/index.php?rest_route=\/wp\/v2\/users\/1"}],"replies":[{"embeddable":true,"href":"https:\/\/charmedantan1875.fr\/index.php?rest_route=%2Fwp%2Fv2%2Fcomments&post=135"}],"version-history":[{"count":49,"href":"https:\/\/charmedantan1875.fr\/index.php?rest_route=\/wp\/v2\/pages\/135\/revisions"}],"predecessor-version":[{"id":591,"href":"https:\/\/charmedantan1875.fr\/index.php?rest_route=\/wp\/v2\/pages\/135\/revisions\/591"}],"wp:attachment":[{"href":"https:\/\/charmedantan1875.fr\/index.php?rest_route=%2Fwp%2Fv2%2Fmedia&parent=135"}],"curies":[{"name":"wp","href":"https:\/\/api.w.org\/{rel}","templated":true}]}}