{"id":199,"date":"2023-11-11T13:55:28","date_gmt":"2023-11-11T12:55:28","guid":{"rendered":"https:\/\/charmedantan1875.fr\/?page_id=199"},"modified":"2025-09-22T08:01:08","modified_gmt":"2025-09-22T06:01:08","slug":"tarifs","status":"publish","type":"page","link":"https:\/\/charmedantan1875.fr\/?page_id=199","title":{"rendered":"Tarifs"},"content":{"rendered":"\t\t<div data-elementor-type=\"wp-page\" data-elementor-id=\"199\" class=\"elementor elementor-199\">\n\t\t\t\t<div class=\"elementor-element elementor-element-8864008 e-flex e-con-boxed e-con e-parent\" data-id=\"8864008\" data-element_type=\"container\" data-e-type=\"container\">\n\t\t\t\t\t<div class=\"e-con-inner\">\n\t\t\t\t<div class=\"elementor-element elementor-element-70426cd elementor-widget elementor-widget-text-editor\" data-id=\"70426cd\" data-element_type=\"widget\" data-e-type=\"widget\" data-widget_type=\"text-editor.default\">\n\t\t\t\t<div class=\"elementor-widget-container\">\n\t\t\t\t\t\t\t\t\t<p><span style=\"vertical-align: inherit;\"><span style=\"vertical-align: inherit;\"><span style=\"vertical-align: inherit;\"><span style=\"vertical-align: inherit;\"><span style=\"vertical-align: inherit;\"><span style=\"vertical-align: inherit;\"><span style=\"vertical-align: inherit;\"><span style=\"vertical-align: inherit;\"><span style=\"vertical-align: inherit;\"><span style=\"vertical-align: inherit;\"><span dir=\"auto\" style=\"vertical-align: inherit;\"><span dir=\"auto\" style=\"vertical-align: inherit;\"><span dir=\"auto\" style=\"vertical-align: inherit;\"><span dir=\"auto\" style=\"vertical-align: inherit;\"><span dir=\"auto\" style=\"vertical-align: inherit;\"><span dir=\"auto\" style=\"vertical-align: inherit;\">Les chambres sont \u00e0 60\u20ac par nuit pour 2 personnes.<\/span><\/span><\/span><\/span><\/span><\/span><\/span><\/span><\/span><\/span><\/span><\/span><\/span><\/span><\/span><\/span><\/p><p><span style=\"vertical-align: inherit;\"><span style=\"vertical-align: inherit;\"><span style=\"vertical-align: inherit;\"><span style=\"vertical-align: inherit;\"><span style=\"vertical-align: inherit;\"><span style=\"vertical-align: inherit;\"><span style=\"vertical-align: inherit;\"><span style=\"vertical-align: inherit;\"><span style=\"vertical-align: inherit;\"><span style=\"vertical-align: inherit;\"><span dir=\"auto\" style=\"vertical-align: inherit;\"><span dir=\"auto\" style=\"vertical-align: inherit;\"><span dir=\"auto\" style=\"vertical-align: inherit;\"><span dir=\"auto\" style=\"vertical-align: inherit;\"><span dir=\"auto\" style=\"vertical-align: inherit;\"><span dir=\"auto\" style=\"vertical-align: inherit;\">Prix \u200b\u200bd\u00e9gressif pour 1 personne ou pour plusieurs nuits.<\/span><\/span><\/span><\/span><\/span><\/span><\/span><\/span><\/span><\/span><\/span><\/span><\/span><\/span><\/span><\/span><\/p><p><span style=\"vertical-align: inherit;\"><span style=\"vertical-align: inherit;\"><span style=\"vertical-align: inherit;\"><span style=\"vertical-align: inherit;\"><span style=\"vertical-align: inherit;\"><span style=\"vertical-align: inherit;\"><span style=\"vertical-align: inherit;\"><span style=\"vertical-align: inherit;\"><span style=\"vertical-align: inherit;\"><span style=\"vertical-align: inherit;\"><span dir=\"auto\" style=\"vertical-align: inherit;\"><span dir=\"auto\" style=\"vertical-align: inherit;\"><span dir=\"auto\" style=\"vertical-align: inherit;\"><span dir=\"auto\" style=\"vertical-align: inherit;\"><span dir=\"auto\" style=\"vertical-align: inherit;\"><span dir=\"auto\" style=\"vertical-align: inherit;\">Deux chambres au choix ,une spacieuse avec lit en 160 cm et salle de bain privative ( douche multijet)attenante, cot\u00e9 cour.<\/span><\/span><\/span><\/span><\/span><\/span><\/span><\/span><\/span><\/span><\/span><\/span><\/span><\/span><\/span><\/span><\/p><p><span style=\"vertical-align: inherit;\"><span style=\"vertical-align: inherit;\"><span style=\"vertical-align: inherit;\"><span style=\"vertical-align: inherit;\"><span style=\"vertical-align: inherit;\"><span style=\"vertical-align: inherit;\"><span style=\"vertical-align: inherit;\"><span style=\"vertical-align: inherit;\"><span style=\"vertical-align: inherit;\"><span style=\"vertical-align: inherit;\"><span dir=\"auto\" style=\"vertical-align: inherit;\"><span dir=\"auto\" style=\"vertical-align: inherit;\"><span dir=\"auto\" style=\"vertical-align: inherit;\"><span dir=\"auto\" style=\"vertical-align: inherit;\"><span dir=\"auto\" style=\"vertical-align: inherit;\"><span dir=\"auto\" style=\"vertical-align: inherit;\">\u00a0L&#8217;autre chambre dispose d&#8217; un\u00a0 lit en 140 cm avec salle de bain (baignoire) int\u00e9gr\u00e9e style suite parentale,cot\u00e9 jardin.<\/span><\/span><\/span><\/span><\/span><\/span><\/span><\/span><\/span><\/span><\/span><\/span><\/span><\/span><\/span><\/span><\/p><p><span style=\"vertical-align: inherit;\"><span style=\"vertical-align: inherit;\"><span style=\"vertical-align: inherit;\"><span style=\"vertical-align: inherit;\"><span style=\"vertical-align: inherit;\"><span style=\"vertical-align: inherit;\"><span style=\"vertical-align: inherit;\"><span style=\"vertical-align: inherit;\"><span style=\"vertical-align: inherit;\"><span style=\"vertical-align: inherit;\"><span dir=\"auto\" style=\"vertical-align: inherit;\"><span dir=\"auto\" style=\"vertical-align: inherit;\"><span dir=\"auto\" style=\"vertical-align: inherit;\"><span dir=\"auto\" style=\"vertical-align: inherit;\"><span dir=\"auto\" style=\"vertical-align: inherit;\"><span dir=\"auto\" style=\"vertical-align: inherit;\">Petit d\u00e9jeuner \u00e0 6\u20ac \/pers, continental sucr\u00e9 peut \u00eatre adapt\u00e9 \u00e0 vos pr\u00e9f\u00e9rences sur demande.\u00a0<\/span><\/span><\/span><\/span><\/span><\/span><\/span><\/span><\/span><\/span><\/span><\/span><\/span><\/span><\/span><\/span><\/p><p><span style=\"vertical-align: inherit;\"><span style=\"vertical-align: inherit;\"><span style=\"vertical-align: inherit;\"><span style=\"vertical-align: inherit;\"><span style=\"vertical-align: inherit;\"><span style=\"vertical-align: inherit;\"><span style=\"vertical-align: inherit;\"><span style=\"vertical-align: inherit;\"><span style=\"vertical-align: inherit;\"><span style=\"vertical-align: inherit;\"><span dir=\"auto\" style=\"vertical-align: inherit;\"><span dir=\"auto\" style=\"vertical-align: inherit;\"><span dir=\"auto\" style=\"vertical-align: inherit;\"><span dir=\"auto\" style=\"vertical-align: inherit;\"><span dir=\"auto\" style=\"vertical-align: inherit;\"><span dir=\"auto\" style=\"vertical-align: inherit;\">Une table d&#8217;h\u00f4tes peut vous \u00eatre servie sur demande minimum 48h \u00e0 l&#8217;avance (menus page suivante uniquement lundi ,mardi mercredi jeudi ).<\/span><\/span><\/span><\/span><\/span><\/span><\/span><\/span><\/span><\/span><\/span><\/span><\/span><\/span><\/span><\/span><\/p><p><span style=\"vertical-align: inherit;\"><span style=\"vertical-align: inherit;\"><span style=\"vertical-align: inherit;\"><span style=\"vertical-align: inherit;\"><span style=\"vertical-align: inherit;\"><span style=\"vertical-align: inherit;\"><span style=\"vertical-align: inherit;\"><span style=\"vertical-align: inherit;\"><span style=\"vertical-align: inherit;\"><span style=\"vertical-align: inherit;\"><span dir=\"auto\" style=\"vertical-align: inherit;\"><span dir=\"auto\" style=\"vertical-align: inherit;\"><span dir=\"auto\" style=\"vertical-align: inherit;\"><span dir=\"auto\" style=\"vertical-align: inherit;\"><span dir=\"auto\" style=\"vertical-align: inherit;\"><span dir=\"auto\" style=\"vertical-align: inherit;\">N&#8217;h\u00e9sitez pas \u00e0 me contacter pour plus de renseignements;\u00a0 <\/span><\/span><\/span><\/span><\/span><\/span><\/span><\/span><\/span><\/span><\/span><\/span><\/span><\/span><\/span><\/span><a href=\"https:\/\/charmedantan1875.fr\/?page_id=34\"><span style=\"vertical-align: inherit;\"><span style=\"vertical-align: inherit;\"><span style=\"vertical-align: inherit;\"><span style=\"vertical-align: inherit;\"><span style=\"vertical-align: inherit;\"><span style=\"vertical-align: inherit;\"><span style=\"vertical-align: inherit;\"><span style=\"vertical-align: inherit;\"><span style=\"vertical-align: inherit;\"><span style=\"vertical-align: inherit;\"><span dir=\"auto\" style=\"vertical-align: inherit;\"><span dir=\"auto\" style=\"vertical-align: inherit;\"><span dir=\"auto\" style=\"vertical-align: inherit;\"><span dir=\"auto\" style=\"vertical-align: inherit;\"><span dir=\"auto\" style=\"vertical-align: inherit;\"><span dir=\"auto\" style=\"vertical-align: inherit;\">Contact<\/span><\/span><\/span><\/span><\/span><\/span><\/span><\/span><\/span><\/span><\/span><\/span><\/span><\/span><\/span><\/span><\/a><\/p>\t\t\t\t\t\t\t\t<\/div>\n\t\t\t\t<\/div>\n\t\t\t\t\t<\/div>\n\t\t\t\t<\/div>\n\t\t\t\t<\/div>\n\t\t","protected":false},"excerpt":{"rendered":"<p>Les chambres sont \u00e0 60\u20ac par nuit pour 2 personnes. Prix \u200b\u200bd\u00e9gressif pour 1 personne ou pour plusieurs nuits. Deux chambres au choix ,une spacieuse avec lit en 160 cm et salle de bain privative ( douche multijet)attenante, cot\u00e9 cour. \u00a0L&#8217;autre chambre dispose d&#8217; un\u00a0 lit en 140 cm avec salle de bain (baignoire) int\u00e9gr\u00e9e style suite parentale,cot\u00e9 jardin. Petit d\u00e9jeuner \u00e0 6\u20ac \/pers, continental sucr\u00e9 peut \u00eatre adapt\u00e9 \u00e0 vos pr\u00e9f\u00e9rences sur demande.\u00a0 Une table d&#8217;h\u00f4tes peut vous \u00eatre servie sur demande minimum 48h \u00e0 l&#8217;avance (menus page suivante uniquement lundi ,mardi mercredi jeudi ). N&#8217;h\u00e9sitez pas \u00e0 me contacter pour plus de renseignements;\u00a0 Contact<\/p>\n","protected":false},"author":1,"featured_media":0,"parent":0,"menu_order":0,"comment_status":"closed","ping_status":"closed","template":"","meta":{"footnotes":""},"class_list":["post-199","page","type-page","status-publish","hentry"],"yoast_head":"<!-- This site is optimized with the Yoast SEO plugin v27.1.1 - https:\/\/yoast.com\/product\/yoast-seo-wordpress\/ -->\n<title>Tarifs -<\/title>\n<meta name=\"robots\" content=\"index, follow, max-snippet:-1, max-image-preview:large, max-video-preview:-1\" \/>\n<link rel=\"canonical\" href=\"https:\/\/charmedantan1875.fr\/?page_id=199\" \/>\n<meta property=\"og:locale\" content=\"en_US\" \/>\n<meta property=\"og:type\" content=\"article\" \/>\n<meta property=\"og:title\" content=\"Tarifs -\" \/>\n<meta property=\"og:description\" content=\"Les chambres sont \u00e0 60\u20ac par nuit pour 2 personnes. Prix \u200b\u200bd\u00e9gressif pour 1 personne ou pour plusieurs nuits. Deux chambres au choix ,une spacieuse avec lit en 160 cm et salle de bain privative ( douche multijet)attenante, cot\u00e9 cour. \u00a0L&#8217;autre chambre dispose d&#8217; un\u00a0 lit en 140 cm avec salle de bain (baignoire) int\u00e9gr\u00e9e style suite parentale,cot\u00e9 jardin. Petit d\u00e9jeuner \u00e0 6\u20ac \/pers, continental sucr\u00e9 peut \u00eatre adapt\u00e9 \u00e0 vos pr\u00e9f\u00e9rences sur demande.\u00a0 Une table d&#8217;h\u00f4tes peut vous \u00eatre servie sur demande minimum 48h \u00e0 l&#8217;avance (menus page suivante uniquement lundi ,mardi mercredi jeudi ). N&#8217;h\u00e9sitez pas \u00e0 me contacter pour plus de renseignements;\u00a0 Contact\" \/>\n<meta property=\"og:url\" content=\"https:\/\/charmedantan1875.fr\/?page_id=199\" \/>\n<meta property=\"article:modified_time\" content=\"2025-09-22T06:01:08+00:00\" \/>\n<meta name=\"twitter:card\" content=\"summary_large_image\" \/>\n<meta name=\"twitter:label1\" content=\"Est. reading time\" \/>\n\t<meta name=\"twitter:data1\" content=\"1 minute\" \/>\n<script type=\"application\/ld+json\" class=\"yoast-schema-graph\">{\"@context\":\"https:\/\/schema.org\",\"@graph\":[{\"@type\":\"WebPage\",\"@id\":\"https:\/\/charmedantan1875.fr\/?page_id=199\",\"url\":\"https:\/\/charmedantan1875.fr\/?page_id=199\",\"name\":\"Tarifs -\",\"isPartOf\":{\"@id\":\"https:\/\/charmedantan1875.fr\/#website\"},\"datePublished\":\"2023-11-11T12:55:28+00:00\",\"dateModified\":\"2025-09-22T06:01:08+00:00\",\"breadcrumb\":{\"@id\":\"https:\/\/charmedantan1875.fr\/?page_id=199#breadcrumb\"},\"inLanguage\":\"en-US\",\"potentialAction\":[{\"@type\":\"ReadAction\",\"target\":[\"https:\/\/charmedantan1875.fr\/?page_id=199\"]}]},{\"@type\":\"BreadcrumbList\",\"@id\":\"https:\/\/charmedantan1875.fr\/?page_id=199#breadcrumb\",\"itemListElement\":[{\"@type\":\"ListItem\",\"position\":1,\"name\":\"Accueil\",\"item\":\"https:\/\/charmedantan1875.fr\/\"},{\"@type\":\"ListItem\",\"position\":2,\"name\":\"Tarifs\"}]},{\"@type\":\"WebSite\",\"@id\":\"https:\/\/charmedantan1875.fr\/#website\",\"url\":\"https:\/\/charmedantan1875.fr\/\",\"name\":\"\",\"description\":\"\",\"potentialAction\":[{\"@type\":\"SearchAction\",\"target\":{\"@type\":\"EntryPoint\",\"urlTemplate\":\"https:\/\/charmedantan1875.fr\/?s={search_term_string}\"},\"query-input\":{\"@type\":\"PropertyValueSpecification\",\"valueRequired\":true,\"valueName\":\"search_term_string\"}}],\"inLanguage\":\"en-US\"}]}<\/script>\n<!-- \/ Yoast SEO plugin. -->","yoast_head_json":{"title":"Tarifs -","robots":{"index":"index","follow":"follow","max-snippet":"max-snippet:-1","max-image-preview":"max-image-preview:large","max-video-preview":"max-video-preview:-1"},"canonical":"https:\/\/charmedantan1875.fr\/?page_id=199","og_locale":"en_US","og_type":"article","og_title":"Tarifs -","og_description":"Les chambres sont \u00e0 60\u20ac par nuit pour 2 personnes. Prix \u200b\u200bd\u00e9gressif pour 1 personne ou pour plusieurs nuits. Deux chambres au choix ,une spacieuse avec lit en 160 cm et salle de bain privative ( douche multijet)attenante, cot\u00e9 cour. \u00a0L&#8217;autre chambre dispose d&#8217; un\u00a0 lit en 140 cm avec salle de bain (baignoire) int\u00e9gr\u00e9e style suite parentale,cot\u00e9 jardin. Petit d\u00e9jeuner \u00e0 6\u20ac \/pers, continental sucr\u00e9 peut \u00eatre adapt\u00e9 \u00e0 vos pr\u00e9f\u00e9rences sur demande.\u00a0 Une table d&#8217;h\u00f4tes peut vous \u00eatre servie sur demande minimum 48h \u00e0 l&#8217;avance (menus page suivante uniquement lundi ,mardi mercredi jeudi ). N&#8217;h\u00e9sitez pas \u00e0 me contacter pour plus de renseignements;\u00a0 Contact","og_url":"https:\/\/charmedantan1875.fr\/?page_id=199","article_modified_time":"2025-09-22T06:01:08+00:00","twitter_card":"summary_large_image","twitter_misc":{"Est. reading time":"1 minute"},"schema":{"@context":"https:\/\/schema.org","@graph":[{"@type":"WebPage","@id":"https:\/\/charmedantan1875.fr\/?page_id=199","url":"https:\/\/charmedantan1875.fr\/?page_id=199","name":"Tarifs -","isPartOf":{"@id":"https:\/\/charmedantan1875.fr\/#website"},"datePublished":"2023-11-11T12:55:28+00:00","dateModified":"2025-09-22T06:01:08+00:00","breadcrumb":{"@id":"https:\/\/charmedantan1875.fr\/?page_id=199#breadcrumb"},"inLanguage":"en-US","potentialAction":[{"@type":"ReadAction","target":["https:\/\/charmedantan1875.fr\/?page_id=199"]}]},{"@type":"BreadcrumbList","@id":"https:\/\/charmedantan1875.fr\/?page_id=199#breadcrumb","itemListElement":[{"@type":"ListItem","position":1,"name":"Accueil","item":"https:\/\/charmedantan1875.fr\/"},{"@type":"ListItem","position":2,"name":"Tarifs"}]},{"@type":"WebSite","@id":"https:\/\/charmedantan1875.fr\/#website","url":"https:\/\/charmedantan1875.fr\/","name":"","description":"","potentialAction":[{"@type":"SearchAction","target":{"@type":"EntryPoint","urlTemplate":"https:\/\/charmedantan1875.fr\/?s={search_term_string}"},"query-input":{"@type":"PropertyValueSpecification","valueRequired":true,"valueName":"search_term_string"}}],"inLanguage":"en-US"}]}},"_links":{"self":[{"href":"https:\/\/charmedantan1875.fr\/index.php?rest_route=\/wp\/v2\/pages\/199","targetHints":{"allow":["GET"]}}],"collection":[{"href":"https:\/\/charmedantan1875.fr\/index.php?rest_route=\/wp\/v2\/pages"}],"about":[{"href":"https:\/\/charmedantan1875.fr\/index.php?rest_route=\/wp\/v2\/types\/page"}],"author":[{"embeddable":true,"href":"https:\/\/charmedantan1875.fr\/index.php?rest_route=\/wp\/v2\/users\/1"}],"replies":[{"embeddable":true,"href":"https:\/\/charmedantan1875.fr\/index.php?rest_route=%2Fwp%2Fv2%2Fcomments&post=199"}],"version-history":[{"count":46,"href":"https:\/\/charmedantan1875.fr\/index.php?rest_route=\/wp\/v2\/pages\/199\/revisions"}],"predecessor-version":[{"id":582,"href":"https:\/\/charmedantan1875.fr\/index.php?rest_route=\/wp\/v2\/pages\/199\/revisions\/582"}],"wp:attachment":[{"href":"https:\/\/charmedantan1875.fr\/index.php?rest_route=%2Fwp%2Fv2%2Fmedia&parent=199"}],"curies":[{"name":"wp","href":"https:\/\/api.w.org\/{rel}","templated":true}]}}